e
Is 284517991 prime?
True
Is 71669267 a prime number?
True
Is 1735282 composite?
True
Is 174685391 composite?
True
Is 495491 composite?
False
Is 43690313 composite?
False
Is 12334717 composite?
True
Is 11364797 prime?
False
Is 1734247 composite?
False
Is 37381885 a prime number?
False
Is 140706911 prime?
True
Is 3930133 a composite number?
True
Is 160423 composite?
False
Is 31157149 prime?
True
Is 55746529 a composite number?
False
Is 570365 a composite number?
True
Is 9715931 a prime number?
True
Is 2130567 a prime number?
False
Is 19943439 a prime number?
False
Is 67275773 composite?
False
Is 19590257 composite?
False
Is 4933441 a prime number?
False
Is 2882885 a composite number?
True
Is 10349777 prime?
False
Is 298525611 a prime number?
False
Is 75223607 a prime number?
True
Is 2401991 composite?
False
Is 5739211 composite?
True
Is 3929879 a prime number?
True
Is 9235433 composite?
False
Is 122522189 a prime number?
True
Is 13342757 composite?
False
Is 655103 composite?
False
Is 371348753 a prime number?
True
Is 300619 a prime number?
False
Is 5646869 composite?
False
Is 23632883 a prime number?
False
Is 6795301 composite?
True
Is 7421053 composite?
True
Is 1075957 prime?
True
Is 8722849 a composite number?
True
Is 15138803 prime?
False
Is 300217 composite?
True
Is 19563967 a prime number?
True
Is 2375587 a prime number?
False
Is 22329031 a composite number?
True
Is 6268187 a composite number?
False
Is 5714831 a prime number?
False
Is 46766543 prime?
False
Is 87987709 a prime number?
False
Is 3053521 a composite number?
False
Is 476947 a prime number?
False
Is 27760741 composite?
False
Is 718379 composite?
False
Is 1529027 composite?
False
Is 5359217 prime?
True
Is 5867399 a prime number?
True
Is 14471419 a composite number?
False
Is 1143047 a composite number?
False
Is 93866011 composite?
True
Is 13792147 prime?
True
Is 81797 prime?
False
Is 122774279 a composite number?
False
Is 1696469 a composite number?
True
Is 184486051 a prime number?
True
Is 742486145 a composite number?
True
Is 46491881 prime?
False
Is 26729557 prime?
False
Is 549639079 a prime number?
False
Is 229448753 a composite number?
False
Is 11666983 prime?
True
Is 8653813 a prime number?
False
Is 3589393 prime?
False
Is 461083781 a composite number?
True
Is 13147177 composite?
False
Is 89799257 composite?
False
Is 11864513 a prime number?
False
Is 32887 composite?
False
Is 28198931 a composite number?
False
Is 180240917 a prime number?
True
Is 25816799 a prime number?
True
Is 2649011 prime?
True
Is 1624343 a prime number?
False
Is 8054185 a prime number?
False
Is 63148933 composite?
False
Is 2682139 a prime number?
False
Is 40679087 a prime number?
True
Is 27614995 a composite number?
True
Is 82386607 a composite number?
True
Is 291506 prime?
False
Is 496602019 prime?
True
Is 95753 a prime number?
False
Is 1200893 a prime number?
False
Is 27212737 prime?
True
Is 1213897 a prime number?
True
Is 39495217 composite?
False
Is 2819 composite?
False
Is 784799 a prime number?
True
Is 10509773 a prime number?
True
Is 6236051 prime?
True
Is 5417933 a prime number?
True
Is 15951821 prime?
True
Is 7073993 a composite number?
True
Is 5178857 composite?
False
Is 667707953 prime?
False
Is 10457329 a prime number?
False
Is 27294343 prime?
True
Is 2364793 prime?
True
Is 18089051 a composite number?
True
Is 6403471 prime?
False
Is 136357937 prime?
False
Is 45776651 prime?
True
Is 5587627 prime?
True
Is 59617741 composite?
False
Is 48589 composite?
False
Is 75274571 composite?
False
Is 63546271 a prime number?
False
Is 11459879 a prime number?
True
Is 286397281 composite?
False
Is 40230809 a composite number?
True
Is 9078893 prime?
False
Is 1509899 prime?
True
Is 29127167 a composite number?
False
Is 98619341 a prime number?
False
Is 5289481 prime?
True
Is 79369237 prime?
False
Is 42617453 a composite number?
True
Is 2122451 prime?
True
Is 44438981 a prime number?
False
Is 95040269 composite?
True
Is 2517269 prime?
True
Is 3722111 prime?
False
Is 147165961 prime?
True
Is 2550311 prime?
False
Is 241171439 a composite number?
True
Is 1780739 composite?
True
Is 1966591 composite?
True
Is 66963499 a composite number?
False
Is 14236493 a composite number?
True
Is 403307 prime?
False
Is 397510359 a prime number?
False
Is 124090591 prime?
True
Is 193019011 composite?
False
Is 19428011 prime?
True
Is 9926779 composite?
True
Is 980549 prime?
True
Is 292797853 prime?
True
Is 19905533 a composite number?
True
Is 8055001 prime?
False
Is 207060719 a prime number?
True
Is 11748082 prime?
False
Is 745301 prime?
True
Is 1790743 a composite number?
False
Is 59070301 a prime number?
True
Is 88323133 a prime number?
True
Is 51693143 composite?
True
Is 49962967 a prime number?
False
Is 17935279 a composite number?
True
Is 2235469 prime?
True
Is 39509543 prime?
False
Is 52096574 a composite number?
True
Is 8406929 composite?
True
Is 2490527 a prime number?
False
Is 6485923 a prime number?
True
Is 5155921 a composite number?
True
Is 141664759 a prime number?
True
Is 13001771 a prime number?
False
Is 5669309 prime?
True
Is 21068401 composite?
True
Is 109073 composite?
False
Is 4036343 a prime number?
False
Is 340719367 composite?
False
Is 30278551 a composite number?
True
Is 391451 prime?
True
Is 828085279 a prime number?
False
Is 7038743 a prime number?
False
Is 6682211 composite?
False
Is 785640457 a prime number?
False
Is 29546599 a prime number?
False
Is 107744159 composite?
False
Is 141991 a composite number?
False
Is 8580167 composite?
False
Is 259950367 a prime number?
True
Is 7818103 prime?
False
Is 1752131 a prime number?
True
Is 409363 a prime number?
False
Is 2178409 composite?
False
Is 2109841 a prime number?
True
Is 550770629 composite?
False
Is 289747529 prime?
True
Is 50522669 prime?
False
Is 8055917 a composite number?
False
Is 77868223 a prime number?
False
Is 19567367 a composite number?
True
Is 6269293 a composite number?
False
Is 5777891 composite?
True
Is 7531859 prime?
True
Is 51896473 prime?
True
Is 2661803 prime?
False
Is 632976415 prime?
False
Is 39620971 a composite number?
True
Is 24128903 a prime number?
True
Is 103664102 a prime number?
False
Is 95651003 a composite number?
True
Is 1096919 a prime number?
True
Is 545325293 composite?
True
Is 1418551 a composite number?
False
Is 3096019 composite?
True
Is 2939735 a prime number?
False
Is 677587 prime?
True
Is 6839267 a prime number?
False
Is 18140963 a prime number?
True
Is 3872761 a prime number?
True
Is 15074173 a prime number?
False
Is 178547641 a prime number?
True
Is 118314341 a composite number?
False
Is 42270947 a prime number?
True
Is 5928031 a prime number?
True
Is 178375801 a prime number?
True
Is 32904777 composite?
True
Is 28141343 a prime number?
False
Is 18289893 composite?
True
Is 159612883 a prime number?
True
Is 17905993 prime?
False
Is 281248691 a composite number?
True
Is 25219735 composite?
True
Is 27290609 a composite number?
True
Is 5474903 composite?
True
Is 1098654683 a composite number?
True
Is 1399183 a composite number?
False
Is 30122293 composite?
False
Is 332155619 a composite number?
False
Is 18210419 composite?
False
Is 150092179 a prime number?
False
Is 53750759 a composite number?
True
Is 1670161 prime?
True
Is 9587427 composite?
True
Is 2467217 a prime number?
True
Is 542821 composite?
False
Is 26781017 a prime number?
True
Is 7935833 prime?
True
Is 65569793 a composite number?
False
Is 31384597 a prime number?
True
Is 6938081 prime?
True
Is 1354687 composite?
False
Is 1376357 a prime number?
False
Is 197518613 a composite number?
True
Is 522593 a prime number?
False
Is 850107 a prime number?
False
Is 28339027 a composite number?
True
Is 5160101 a prime number?
True
Is 58865251 a prime number?
True
Is 2528123 composite?
True
Is 3178127 a prime number?
True
Is 1420813 prime?
False
Is 49532243 a composite number?
True
Is 116633771 prime?
True
Is 19144105 prime?
False
Is 243452867 composite?
True
Is 7840727 prime?
True
Is 1023254147 composite?
False
Is 233549 composite?
False
Is 4460061 a composite number?
True
Is 5367967 a prime number?
False
Is 3599621 a composite number?
False
Is 79882837 prime?
False
Is 88791205 prime?
False
Is 85428937 a prime number?
False
Is 51800357 a prime number?
False
Is